{"id":4,"date":"2017-04-03T16:34:10","date_gmt":"2017-04-03T14:34:10","guid":{"rendered":"http:\/\/adamczyk.info\/?page_id=4"},"modified":"2020-08-19T10:40:24","modified_gmt":"2020-08-19T08:40:24","slug":"o-mnie","status":"publish","type":"page","link":"https:\/\/adamczyk.info\/?page_id=4&lang=pl","title":{"rendered":"O mnie"},"content":{"rendered":"<p>Jestem Rzymskim Katolikiem.<\/p>\n<p>Jestem za:<\/p>\n<ul>\n<li>wolno\u015bci\u0105:\n<ul>\n<li>wolnym rynkiem<\/li>\n<li>wolno\u015bci\u0105 s\u0142owa<\/li>\n<li>w zakresie decydowaniem o posiadanej w\u0142asno\u015bci<\/li>\n<li>w zakresie wyznania<\/li>\n<li>w zakresie\u00a0posiadania i u\u017cywania broni palnej<\/li>\n<li>w zakresie decydowania o sposobie wychowywania i edukowania w\u0142asnych dzieci<\/li>\n<li>&#8230;<\/li>\n<\/ul>\n<\/li>\n<li>pa\u0144stwowo\u015bci\u0105, patriotyzmem, niezawis\u0142o\u015b\u0107<\/li>\n<li>ochron\u0105 \u017cycia ludzkiego od pocz\u0119cia do naturalnej \u015bmierci<\/li>\n<\/ul>\n<p>Jestem przeciw:<\/p>\n<ul>\n<li>podatkowi opartego na dochodzie<\/li>\n<li>&#8230;<\/li>\n<\/ul>\n<p><span style=\"font-weight: 400;\">Nazywam si\u0119 Andrzej Adamczyk urodzi\u0142em si\u0119 w 1972 roku w Poznaniu. Jestem Polakiem wyznania rzymskokatolickiego. Od 1998 roku \u017conaty z Karolin\u0105, jestem ojcem c\u00f3rki Zofii i syna Krzysztofa. Z wykszta\u0142cenia informatyk. Znam dobrze j\u0119zyk polski, angielski oraz troszk\u0119 francuski.<\/span><\/p>\n<ul>\n<li style=\"font-weight: 400;\"><b>WIARA<\/b>\n<ul>\n<li style=\"font-weight: 400;\"><b>nauka a wiara<\/b><span style=\"font-weight: 400;\"> &#8211; obie nie stoj\u0105 ze sob\u0105 w sporze; uzupe\u0142niaj\u0105 si\u0119 jako \u015brodki poznania rzeczywisto\u015bci; nie ma naukowych dowod\u00f3w na istnienie Boga; podobnie jak nie mo\u017cna wierzy\u0107 w 100% w tezy i teorie naukowe, bo s\u0105 z natury falsyfikowalne; nauka zosta\u0142a zapocz\u0105tkowana przez Ko\u015bci\u00f3\u0142 Katolicki<\/span><\/li>\n<li style=\"font-weight: 400;\"><b>\u017cycie to najwy\u017csza warto\u015b\u0107 <\/b><span style=\"font-weight: 400;\">&#8211; \u017cycie nie jest generalnie najwa\u017cniejsz\u0105 warto\u015bci\u0105 (np. czasem s\u0142usznie po\u015bwi\u0119ca si\u0119 nieraz \u017cycie w imieniu wolno\u015bci, wiary, itp.)\u00a0<\/span><\/li>\n<li style=\"font-weight: 400;\"><b>co jest najwa\u017cniejsze w \u017cyciu<\/b><span style=\"font-weight: 400;\"> &#8211; najwa\u017cniejsze jest zbawienie; mo\u017cliwo\u015b\u0107 zbawienia otrzymali\u015bmy dzi\u0119ki ofierze Pana Jezusa i osi\u0105gniemy je dzi\u0119ki \u017cyciu w blisko\u015bci z Nim\u00a0<\/span><\/li>\n<li style=\"font-weight: 400;\"><b>B\u00f3g tak ale Ko\u015bci\u00f3\u0142 nie<\/b><span style=\"font-weight: 400;\"> &#8211; Ko\u015bci\u00f3\u0142 to najprostsza droga do zbawienia; organizacja za\u0142o\u017cona przez samego Pana Jezusa; Ko\u015bci\u00f3\u0142 jednoczy grzesznych ludzi (ufundowany na \u015bw. Piotrze &#8211; krzywoprzysi\u0119zcy i \u015bw. Pawle &#8211; mordercy chrze\u015bcijan) zatem w Ko\u015bciele jest i dobro i z\u0142o, czuwa jednak nad nim i broni go Duch \u015awi\u0119ty<\/span><\/li>\n<li style=\"font-weight: 400;\"><b>wyprawy krzy\u017cowe<\/b><span style=\"font-weight: 400;\"> &#8211; po Chrystusie Ziemia \u015awi\u0119ta by\u0142a celem pielgrzymek<\/span><\/li>\n<li style=\"font-weight: 400;\"><b>\u015awi\u0119ta Inkwizycja<\/b><span style=\"font-weight: 400;\"> &#8211; protoplasta s\u0105downictwa \u015bwieckiego w czasach bezprawia i samos\u0105d\u00f3w; mia\u0142a zapewni\u0107 wsp\u00f3\u0142cze\u015bnie oczywiste elementy cywilizowanej sprawiedliwo\u015bci, jak proces dowodowy, prawo do obrony, itp<\/span><\/li>\n<li style=\"font-weight: 400;\"><b>B\u00f3g<\/b><span style=\"font-weight: 400;\"> &#8211; istota wy\u017csza zgodnie z rozumieniem Ko\u015bcio\u0142a Rzymskokatolickiego, Stworzyciel \u015bwiata i cz\u0142owieka<\/span><\/li>\n<\/ul>\n<\/li>\n<\/ul>\n<ul>\n<li style=\"list-style-type: none;\">\n<ul>\n<li>wielki wybuch<\/li>\n<\/ul>\n<\/li>\n<\/ul>\n<ul>\n<li><strong>POLITYKA<\/strong><\/li>\n<\/ul>\n<ul>\n<li style=\"list-style-type: none;\">\n<ul>\n<li style=\"font-weight: 400;\"><b>Polska w Unii Europejskiej <\/b><span style=\"font-weight: 400;\">&#8211; UE to tw\u00f3r zdegenerowany; cel UE zmieni\u0142 si\u0119 z gospodarczej wsp\u00f3lnoty kraj\u00f3w europejskich, na centralnie sterowane \u201cpa\u0144stwo\u201d europejskie, czyli kolejny totalitaryzm; jestem za wyj\u015bciem Polski z UE; kraje nie s\u0105 r\u00f3wnouprawnione, s\u0105 zniewalane przez unijne dotacje, bankowe po\u017cyczki oraz centralnie narzucane prawo\u00a0\u00a0<\/span><\/li>\n<li style=\"font-weight: 400;\"><b>etatyzm <\/b><span style=\"font-weight: 400;\">&#8211; pa\u0144stwo powinno by\u0107 minimalne wzgl\u0119dem funkcji i w\u0142asno\u015bci (obrona zewn\u0119trzna kraju &#8211; ludzi i w\u0142asno\u015bci; s\u0105downictwo; ustawodawstwo); w\u0142asno\u015b\u0107 powinna by\u0107 domy\u015blnie prywatna<\/span><\/li>\n<li style=\"font-weight: 400;\"><b>rozdzielno\u015b\u0107 pa\u0144stwa od Ko\u015bcio\u0142a<\/b><span style=\"font-weight: 400;\"> &#8211; moim zdaniem istnieje w Polsce, bo jedno na drugie nie ma wp\u0142ywu w zakresie samostanowienia; nie jest jednak naruszeniem tej zasady krytyka przez Ko\u015bci\u00f3\u0142 moralnych aspekt\u00f3w istniej\u0105cego ustroju pa\u0144stwowego i prawa oraz kultury sprawowania w\u0142adzy<\/span><\/li>\n<\/ul>\n<\/li>\n<\/ul>\n<ul>\n<li><strong>OBYCZAJOWO\u015a\u0106<\/strong><\/li>\n<\/ul>\n<ul>\n<li style=\"list-style-type: none;\">\n<ul>\n<li style=\"font-weight: 400;\"><b>m\u0119\u017cczy\u017ani a kobiety<\/b><span style=\"font-weight: 400;\"> &#8211; r\u00f3wno\u015b\u0107 p\u0142ci nie, r\u00f3wnouprawnienie tak (w zakresie praw i obowi\u0105zk\u00f3w prawnych); r\u00f3wnouprawnienie generalnie istnieje od XX w.; tzw. feminizm XXI w. opiera si\u0119 na przeciwstawieniu sobie p\u0142ci (najbli\u017cszy zwi\u0105zek dwojga ludzi to kobieta z m\u0119\u017cczyzn\u0105; a nie grupa kobiet lub m\u0119\u017cczyzn); to walka o przywileje zwi\u0105zane z p\u0142ci\u0105 (np. tzw. parytety) lub b\u0142\u0119dna i nielogiczna teza o r\u00f3wno\u015bci kobiet i m\u0119\u017cczyzn (je\u017celi od wiek\u00f3w istnieje podzia\u0142 na p\u0142cie to znaczy, \u017ce istniej\u0105 cechy wed\u0142ug kt\u00f3rych przebiega)<\/span><\/li>\n<li style=\"font-weight: 400;\"><b>homoseksualizm<\/b><span style=\"font-weight: 400;\"> &#8211; homoseksualizm jest istniej\u0105cym od zawsze zboczeniem seksualnym i naruszeniem normalnego porz\u0105dku \u015bwiata; czyny sodomii s\u0105 grzechem godnym pot\u0119pienia, wrodzone i nie rozbudzane sk\u0142onno\u015bci homoseksualne jako niezale\u017cne od woli nie s\u0105 godne pot\u0119pienia i powinny by\u0107 tolerowane (zgodnie z nauczaniem Ko\u015bcio\u0142a); poza grzeszno\u015bci\u0105 i nieobyczajno\u015bci\u0105 zachowa\u0144 homoseksualnych (np. przytulanie si\u0119, ca\u0142owanie si\u0119 lub inne obnoszenie si\u0119 z tym w miejscach publicznych) budz\u0105 one we mnie odruch obrzydzenia i stoj\u0105 na granicy <\/span><span style=\"font-weight: 400;\">wolno\u015bci dzia\u0142ania<\/span><\/li>\n<li style=\"font-weight: 400;\"><b>LGBT+<\/b><span style=\"font-weight: 400;\"> &#8211; to nie walka o r\u00f3wne prawa, tylko nachalna propaganda i indoktrynacja dzieci i m\u0142odzie\u017cy; celem \u015brodowisk LGBT+ nie jest r\u00f3wno\u015b\u0107, tylko uzyskanie przywilej\u00f3w dla os\u00f3b manifestuj\u0105cych nienaturalny porz\u0105dek seksualny; jestem przeciwko nadawaniu takich przywilej\u00f3w; cz\u0119sto \u015brodowiska te nie reprezentuj\u0105 ludzi o odmiennych sk\u0142onno\u015bciach, tylko s\u0105 wykorzystywane do burzenia porz\u0105dku spo\u0142ecznego i moralnego przez skrajne lewackie organizacje<\/span><\/li>\n<li style=\"font-weight: 400;\"><b>polityczna poprawno\u015b\u0107 i tzw. j\u0119zyk nienawi\u015bci<\/b><span style=\"font-weight: 400;\"> &#8211; narzucenie prawne politycznej poprawno\u015bci itp. jest sprzeczne z <\/span><span style=\"font-weight: 400;\">wolno\u015bci\u0105 s\u0142owa<\/span><\/li>\n<\/ul>\n<\/li>\n<\/ul>\n<ul>\n<li><strong>PRAWO<\/strong><\/li>\n<\/ul>\n<ul>\n<li style=\"list-style-type: none;\">\n<ul>\n<li style=\"font-weight: 400;\"><b>aborcja <\/b><span style=\"font-weight: 400;\">&#8211; jestem za prawn\u0105 ochron\u0105 \u017cycia od pocz\u0119cia do naturalnej \u015bmierci; czyli za penalizacj\u0105 aborcji<\/span><\/li>\n<li style=\"font-weight: 400;\"><b>dost\u0119p do broni<\/b><span style=\"font-weight: 400;\"> &#8211;\u00a0<\/span><\/li>\n<li style=\"font-weight: 400;\"><span style=\"font-weight: 400;\"><strong>kara \u015bmierci<\/strong> &#8211; jestem przeciwny karze \u015bmierci<\/span><\/li>\n<li style=\"font-weight: 400;\"><b>wolno\u015b\u0107<\/b><span style=\"font-weight: 400;\"> &#8211; konsekwencja otrzymania od Boga wolnej woli:<\/span>\n<ul>\n<li style=\"font-weight: 400;\"><b>wolno\u015b\u0107 s\u0142owa<\/b><span style=\"font-weight: 400;\"> &#8211; ca\u0142kowita; brak ochrony os\u00f3b i stanowisk przed pom\u00f3wieniem<\/span><\/li>\n<li style=\"font-weight: 400;\"><b>swoboda dzia\u0142ania<\/b><span style=\"font-weight: 400;\"> &#8211; \u201cvolenti non fit iniuria &#8211; chc\u0105cemu nie dzieje si\u0119 krzywda\u201d pod warunkiem, \u017ce nie narusza wolno\u015bci innych os\u00f3b<\/span><\/li>\n<li style=\"font-weight: 400;\"><b>wolno\u015b\u0107 wyznania <\/b><span style=\"font-weight: 400;\">&#8211; ka\u017cdy ma prawo do wyznawania dowolnej religii, pod warunkiem nie ograniczania pozosta\u0142ych swob\u00f3d<\/span><\/li>\n<\/ul>\n<\/li>\n<\/ul>\n<\/li>\n<\/ul>\n<ul>\n<li style=\"list-style-type: none;\">\n<ul>\n<li><strong>rasizm<\/strong><span style=\"font-weight: 400;\"> &#8211; w Polsce rasizm jest znikomym problemem; na \u015bwiecie obserwuje si\u0119 za to \u201codwr\u00f3cony rasizm\u201d kiedy poni\u017cani niegdy\u015b murzyni, domagaj\u0105 si\u0119 przywilej\u00f3w zwi\u0105zanych z kolorem sk\u00f3ry, a nawet prze\u015bladuj\u0105 inne rasy; cz\u0119sto sytuacje kryminalne nie zwi\u0105zane z kwestiami rasy s\u0105 interpretowane\u00a0<\/span><\/li>\n<\/ul>\n<\/li>\n<\/ul>\n","protected":false},"excerpt":{"rendered":"<p>Jestem Rzymskim Katolikiem. Jestem za: wolno\u015bci\u0105: wolnym rynkiem wolno\u015bci\u0105 s\u0142owa w zakresie decydowaniem o posiadanej w\u0142asno\u015bci w zakresie wyznania w zakresie\u00a0posiadania i u\u017cywania broni palnej w zakresie decydowania o sposobie wychowywania i edukowania w\u0142asnych dzieci &#8230; pa\u0144stwowo\u015bci\u0105, patriotyzmem, niezawis\u0142o\u015b\u0107 ochron\u0105 \u017cycia ludzkiego od pocz\u0119cia do naturalnej \u015bmierci Jestem przeciw: podatkowi opartego na dochodzie &#8230; Nazywam [&hellip;]<\/p>\n","protected":false},"author":1,"featured_media":0,"parent":145,"menu_order":0,"comment_status":"closed","ping_status":"closed","template":"","meta":[],"aioseo_notices":[],"jetpack_sharing_enabled":true,"_links":{"self":[{"href":"https:\/\/adamczyk.info\/index.php?rest_route=\/wp\/v2\/pages\/4"}],"collection":[{"href":"https:\/\/adamczyk.info\/index.php?rest_route=\/wp\/v2\/pages"}],"about":[{"href":"https:\/\/adamczyk.info\/index.php?rest_route=\/wp\/v2\/types\/page"}],"author":[{"embeddable":true,"href":"https:\/\/adamczyk.info\/index.php?rest_route=\/wp\/v2\/users\/1"}],"replies":[{"embeddable":true,"href":"https:\/\/adamczyk.info\/index.php?rest_route=%2Fwp%2Fv2%2Fcomments&post=4"}],"version-history":[{"count":6,"href":"https:\/\/adamczyk.info\/index.php?rest_route=\/wp\/v2\/pages\/4\/revisions"}],"predecessor-version":[{"id":221,"href":"https:\/\/adamczyk.info\/index.php?rest_route=\/wp\/v2\/pages\/4\/revisions\/221"}],"up":[{"embeddable":true,"href":"https:\/\/adamczyk.info\/index.php?rest_route=\/wp\/v2\/pages\/145"}],"wp:attachment":[{"href":"https:\/\/adamczyk.info\/index.php?rest_route=%2Fwp%2Fv2%2Fmedia&parent=4"}],"curies":[{"name":"wp","href":"https:\/\/api.w.org\/{rel}","templated":true}]}}